- 0 - ((-87 - -52) + 2 + (-2 - 8))
32
Calculate 81 + 0 - (157 - 55).
-21
Evaluate -27 + (-150 - (133 - 257)).
-53
Evaluate (-20 - (15 - -35)) + 29.
-41
33 - -4 - (59 - 48)
26
Calculate (-7 - -101) + -5 + -1 + (-27 - (-16 + -9)).
86
What is the value of 2 + 3 + -5 + -19 + (186 - 249)?
-82
What is -24 + 9 + 4 + -6 + 16 + 5?
4
Calculate -4 + (-2 - (-10 - (-2 + 0))) + -56 + 65.
11
(4 - (-13 - -55 - -8) - 1) + 7
-40
What is the value of (-101 - (93 + -190)) + -4?
-8
(0 - -112) + 37 + -119 + 87
117
Calculate -10 - (-41 - -15 - (-33 - -53)).
36
Evaluate -91 + (-30 - ((454 - 472) + (1 - -6))).
-110
What is the value of -44 + (-43 - 24) + 27 + 39?
-45
What is 1562 + -1635 - (-1 + -82)?
10
Evaluate 807 - 871 - (4 + -39).
-29
Calculate (-1 + (1 - (-6 - -4)) + 2 - -16) + 3.
23
Calculate -52 - (-88 - (-95 + 31)).
-28
Calculate 3 - -69 - (217 + -155).
10
What is the value of (-7 - -2) + -34 - -6?
-33
Calculate -27 - (41 + -49) - (-1 - -2 - -9).
-29
2 - -54 - (-894 - -907)
43
What is the value of (-4 - 7) + (-1030 - -1030) + (1 - (-9 + 1))?
-2
What is 26 + (10 + 5 - 5 - -12)?
48
What is -3 - 7 - (-31 + -1 - -39)?
-17
Evaluate -50 - (-29 - (12 - 21)) - 5.
-35
Evaluate -8 - (-68 + 46 - -1).
13
What is the value of -24 + (46 - 17) + 4 - -52?
61
What is the value of 22 + (-20 - -15) + -17 - 127?
-127
What is the value of (10 + -61 + 52 - (1 + 1 - 3)) + -46?
-44
Evaluate (-1 + 5 - 2) + -13 + (-38 - (44 + -114)).
21
What is -2 - ((0 - 12) + 10 - 23 - 13)?
36
(2 + -4 - -9) + (-106 - (11 + -73))
-37
-2 - 15 - (-8 + -63 + 11)
43
Evaluate -9 - (-1 - (-16 - -24)) - (-50 + (2 - 0)).
48
Evaluate 14 - (4 + -18) - (-3 - (12 + -13)).
30
What is ((18 - 1) + -20 - -16) + (-1 - (-4 - 82))?
98
What is the value of -14 + -16 + (18 - -19) + -7?
0
What is the value of -1 - (-2 - (-132 + 112 + 2 + 38))?
21
Calculate -5 + 23 + -10 - (8 - -11) - 5.
-16
Calculate -8 - (-26 + -67) - 55.
30
4 + -34 - (509 + -500)
-39
What is the value of 17 - (-36 + 23 + -17 + 37)?
10
(5 - -1) + (-35 + 26 - (-60 - (-11 - -4)))
50
What is 57 + (44 - 53 - 83)?
-35
Calculate -26 - ((21 - 5 - 18) + -19).
-5
What is -14 + (-28 + 9 - 7 - -37)?
-3
Calculate -86 + (57 - 55) + 53 - (5 + 0).
-36
-1 + 20 + 6 + (-20 - -16)
21
What is 1 - -13 - 24 - (9 - 1) - -5?
-13
(5 - 0 - -4) + (46 + -19 - 11)
25
61 + -3 + -1 - (970 + -941)
28
Calculate 24 - ((-101 - -172) + -81).
34
What is the value of 9 - (4 + 11 - -7) - (18 + -22)?
-9
What is -107 + 130 + -45 + 65?
43
What is (2 - 19 - -66) + (3 - 9 - -2)?
45
Evaluate (496 - 439) + -18 + 0.
39
What is the value of (-6 - -9) + 19 + (-37 - -12)?
-3
What is the value of (-11 - (-112 - 13)) + (53 + -28 - 22)?
117
What is (-37 - (131 - 283)) + 3?
118
What is the value of (-1 + 2 - 24) + (-5 - (14 + -12) - 0)?
-30
What is -78 - (18 + -38 + 4 - -20)?
-82
What is (32 - 26) + (42 - -1) + (6 - 12 - -6)?
49
Calculate (-16 + (3 - -54) - -10) + -2 + (4 - 8).
45
Evaluate (-1 - 46 - 5) + (23 + -28 - 10).
-67
What is the value of 57 + (-1 - (-8 - -3)) - (-25 - -65 - 30)?
51
(177 - 307 - -45) + 1 + -5
-89
Evaluate -36 + (-22 + -44 - -76).
-26
What is the value of -119 + -3 + -16 + -13 + 21?
-130
Evaluate 50 + -13 + -27 + -18.
-8
Calculate 2 - (3 - 5) - (27 - (2 + -1)).
-22
Evaluate 6 + 120 - (-119 + -109 + 271).
83
What is the value of -94 - (-23 - (-9 - (-6 + -3)))?
-71
What is -39 + 57 - (6 - (-16 - 5))?
-9
Calculate -70 + (-3 - (-25 - -12)) + -7 + 4.
-63
Calculate -19 + (11 - 13) + (15 - -4) + (0 - -27).
25
-9 - ((0 - (-1 + 76)) + (3 - (-75 - -69)))
57
What is -9 + 24 + (-46 - 14)?
-45
What is 151 + -238 - (50 - -1)?
-138
Evaluate -2 - 81 - (36 - -2 - 57).
-64
Evaluate 1 + 97 - (46 + -38 + 1 - (18 - 6)).
101
-26 + (-308 + 293 - (-40 - -2))
-3
Calculate (-170 + 55 - -136) + (0 - -52).
73
Evaluate 12 + -27 + 10 - 5 - 26.
-36
What is the value of (87 - (1 - -102)) + 11?
-5
7 + -14 + 5 + (-2 - 7) - 3
-14
(-29 - -4 - 8) + (0 - 5 - (0 - 10))
-28
(-11 + 94 - 109) + (3 - -2)
-21
What is 37 - (29 + -3 + 1 - -15)?
-5
Evaluate (181 + -170 - (-5 - -1)) + 30 + 0.
45
What is the value of (-18 - -6) + 5 - (-13 + -4)?
10
Evaluate -331 + 328 - (-3 - -2 - -39).
-41
Calculate 70 - 95 - (-8 - 9) - ((-2 - -8) + 2).
-16
Calculate (28 - 6) + (-144 - (5 - (-11 + 19))).
-119
Evaluate 114 - (-9 - -10) - (15 + (-20 + 15 - 0)).
103
What is 8821 - 8864 - (-2 + -97)?
56
-1 - -80 - (-625 - -666)
38
3 - -40 - ((16 + (-28 - -5) - -12) + 9)
29
What is -11 - (48 - (-8 + -9 + 22))?
-54
Evaluate (-27 - 0) + (-374 - -370).
-31
Calculate 3 + 13 + 0 - (36 - 17) - -9.
6
Evaluate (-15 - -7) + 1 + 59 - (2 - 11).
61
What is the value of -46 - (60 - 12 - 41)?
-53
-2 + -1 + (3 - 6) + (7 - (2 + -1))
0
Evaluate -12 - (32 - 48 - -22).
-18
Evaluate (-12 + 5 - 12) + 26 - (-8 + -4).
19
What is -38 - (-39 + 10 + 21 + 15)?
-45
What is -10 + 25 + 23 + (-19 - -2 - 4)?
17
-167 - (-107 + 122 - 156)
-26
What is -29 + -20 + (-112 - -256)?
95
(-3 - -25) + 308 + -285 + -30 + 0
15
What is the value of (-7 + -4 - (1 + -3) - 0) + (-18 - 6)?
-33
(14 + 1 - (41 + -83 + 71)) + -67
-81
Calculate 40 + -57 + -6 + (8 - 8).
-23
What is -3 - -10 - (-5 + (21 - 15)) - (3 - 1)?
4
64 + (-82 - (-35 + -9)) - (0 - (2 + 12))
40
-4 + 5 + 18 - (12 + 15 + (-26 - 11))
29
Calculate 11 - 1 - (-101 - -158 - 42) - 51.
-56
9 + (8 - 47) + 44 + (70 - -2)
86
46 + -21 + -29 + 38
34
36 + (-71 - (-34 - -1)) - (1 - 9)
6
-38 - -1 - (382 + -397) - -14
-8
What is 62 - (-70 - -84 - -82)?
-34
What is -77 - 9 - (-18 + ((2 - -1) + -17 - -30))?
-84
What is the value of -61 + -5 + (-50 - -18) + 27?
-71
What is the value of 18 + (-54 + 76 - (5 + -3))?
38
(-2 - (-5 + -3 + 7) - -45) + 4 + 8
56
Calculate 5 + -18 + (-62 - (-18 - (-12 - -5))).
-64
What is the value of 4 + 1 - ((3 - (0 + -101)) + 187 + -200)?
-86
What is 92 - ((-1 - -3) + 1 - (23 + 29 + -39))?
102
What is -19 + 18 - 18 - (9 + 2)?
-30
Evaluate -6 - ((2 - (-12 + 9 - -22)) + 5).
6
What is -100 + 13 + 206 + -139?
-20
Calculate 86 - 76 - (0 - 1) - (-24 - -2).
33
Evaluate -14 + 75 + -64 - ((-34 - 0) + 4 + -3).
30
Calculate 17 - (-172 - -177 - (68 - -3)) - 6.
77
What is 80 - (61 - 46) - ((3 - -1) + -19)?
80
Evaluate 52 + (-5 - -2) + (16 - (-18 + 13)) + -19.
51
(9 - (3 + -2)) + (-47 - -36) + -35
-38
Calculate 4 + ((-14 - -5) + 10 + -19 - -10) + -20.
-24
Calculate -61 + (-98 - -19) - -141.
1
Calculate (30 - (24 + 16)) + 37.
27
4 - 167 - (-673 + 435)
75
Calculate -1 - ((-16 - -8) + (-2 + 3 - -10 - 5)).
1
What is 51 + -84 + (-63 - -107)?
11
Calculate (-6 - 1 - -18) + 0 + 2 + 3 + -6.
10
What is ((0 - 1) + 8 - (42 + -29)) + (-58 - 7)?
-71
Evaluate 5 - ((-61 - (-11 - -5)) + (-3 - (8 - 10))).
61
Evaluate (-3 - (-141 + 117 + 1 + 34)) + -84.
-98
-4 - (-82 + -3) - 18 - 23
40
What is 12 + (18 - 0) + 207 + -310?
-73
Evaluate -3 + 3 + 4 + (10 - (-3 - -22)) + 37.
32
Evaluate 114 - 100 - (19 - 3) - -33.
31
-9 - -10 - -3 - (9 + 1) - (-1 - 58)
53
What is the value of 602 + -591 + (-1 - 12 - -2)?
0
Calculate -1 + 14 + 786 + -778 + -6.
15
(28 - (-2 - -33)) + 0 + -71
-74
What is 67 + -2 + -139 + (-94 - -206)?
38
Evaluate (-181 - -106) + 18 + (1 - -15).
-41
-31 + (-3 + 2 - 0 - (2 - (16 - 14)))
-32
What is the value of -75 + 21 + 55 + -24?
-23
Calculate -30 + 18 + -3 + (11 - (-9 - -14)) + -4.
-13
-2 - (4 + 52) - (545 - 540)
-63
(52 + -37 - 132) + 87
-30
Calculate (49 - -3) + -292 + 257.
17
Evaluate 16 + -48 + (-1 - -4).
-29
Evaluate (-163 + 73 - -82) + -7 + -1 + -1.
-17
What is 47 - (-41 + 18 - -47) - (1 - 2)?
24
What is the value of (27 - (-24 + 21 - -42)) + (112 - 0)?
100
What is (50 - 2) + (59 + -74 - (-16 - 9))?
58
Evaluate (2 - (30 + -36)) + (0 + 5 - 18).
-5
20 - ((-15 - (-18 + 1)) + 8 + -3)
13
Evaluate 3744 + -3797 - (2 + -33).
-22
Calculate (-11 - (9 - 133)) + -28.
85
What is the value of -7 - (30 - (32 + 4)) - (0 - -44)?
-45
Calculate 15 - ((-8 - (-3 - 13)) + 80 - -2).
-75
Evaluate -55 + -9 + 17 + 52.
5
8 - (39 - -1 - (-18 + 29 + -2 + -15))
-38
Calculate 9 - ((-51 - -62) + 1 + (-15 - -4)).
8
What is the value of 31 + (61 - 13) + -23?
56
Calculate -17 + (23 - (24 - 33)) - 9.
6
Evaluate -4 + 2 + -6 - (15 - (19 - 17)).
-21
-113 + (-132 + 38 - -137)
-70
What is 32 - (101 + -112 + 59)?
-16
Calculate 4 + (-29 - -17) + 6 + 1 + 11.
10
Evaluate -137 + 40 + 36 + 41 + 78.
58
What is (-97 - (-38 + 31)) + -4 + 2 + (17 - 0)?
-75
Evaluate 80 - ((14 - 13) + -13 - -6 